es 22 divide 949214310?
True
Does 531 divide 313292124?
True
Is 54 a factor of 6542694?
True
Does 58 divide 83629498?
False
Is 58 a factor of 391006304?
True
Is 674 a factor of 816337342?
True
Does 66 divide 253066530?
False
Is 198056128 a multiple of 6?
False
Is 7366406 a multiple of 1054?
True
Is 1053 a factor of 21978748?
False
Is 143730008 a multiple of 1840?
False
Is 58759212 a multiple of 188?
True
Is 1112 a factor of 70647299?
False
Is 360 a factor of 70261200?
True
Is 87 a factor of 10400502?
True
Is 16 a factor of 79478550?
False
Is 78378250 a multiple of 115?
True
Is 237 a factor of 1126956804?
True
Is 1703933889 a multiple of 399?
True
Is 112 a factor of 38178376?
False
Does 3 divide 1939622?
False
Is 7 a factor of 33078865?
False
Does 4 divide 80341980?
True
Does 105 divide 47877060?
True
Is 11 a factor of 64351001?
True
Is 1556 a factor of 1287044426?
False
Does 361 divide 406918117?
True
Does 31 divide 51812316?
False
Is 12 a factor of 507259836?
True
Does 35 divide 3493728000?
True
Is 221 a factor of 551637455?
False
Is 9252366 a multiple of 96?
False
Is 60 a factor of 26706120?
True
Is 359821248 a multiple of 7872?
True
Is 1178537237 a multiple of 1021?
True
Does 155 divide 2392870058?
False
Does 97 divide 43246318?
False
Is 27 a factor of 1593646528?
False
Is 209 a factor of 623344833?
False
Is 3755 a factor of 64254295?
False
Is 128670662 a multiple of 60?
False
Is 1071866298 a multiple of 6?
True
Is 24568070 a multiple of 20?
False
Is 59 a factor of 144019000?
True
Is 1856 a factor of 27132864?
True
Does 1066 divide 21465290?
False
Is 8158 a factor of 1565430462?
True
Is 205 a factor of 1500854686?
False
Is 7254860667 a multiple of 2887?
True
Does 100 divide 1185414800?
True
Does 523 divide 100009111?
False
Is 2028577933 a multiple of 43?
True
Is 32610838 a multiple of 57?
False
Is 2020 a factor of 385499057?
False
Is 42 a factor of 6498450?
True
Is 1242 a factor of 105907824?
True
Does 5 divide 3344561?
False
Is 11 a factor of 7073490?
False
Is 171 a factor of 1382779981?
False
Is 61 a factor of 2042020?
False
Is 226 a factor of 82741913?
False
Does 11 divide 326550015?
True
Does 14 divide 25121782?
True
Does 8 divide 2852592?
True
Is 3904 a factor of 21228952?
False
Does 477 divide 235462091?
False
Is 53197760 a multiple of 28?
True
Does 22 divide 30821912?
True
Does 3 divide 13840590?
True
Is 10 a factor of 151666438?
False
Is 14 a factor of 87094872?
False
Is 67298672 a multiple of 14?
True
Does 535 divide 5747485?
False
Is 231431395 a multiple of 216?
False
Does 11 divide 48756361?
False
Does 4 divide 19273264?
True
Is 32294771 a multiple of 2071?
False
Is 8827164 a multiple of 36?
True
Is 1915 a factor of 590095760?
True
Is 69 a factor of 153105033?
False
Is 73 a factor of 312096973?
True
Is 1110 a factor of 46697700?
True
Is 2590 a factor of 9684010?
True
Is 1828400670 a multiple of 1730?
True
Is 493694490 a multiple of 30?
True
Does 177 divide 52361696?
False
Does 25 divide 975252863?
False
Is 730 a factor of 634667840?
True
Is 12 a factor of 636378212?
False
Is 18496675 a multiple of 25?
True
Is 10 a factor of 870489806?
False
Does 6453 divide 2833766020?
False
Is 128161034 a multiple of 200?
False
Does 773 divide 72280019?
False
Is 466 a factor of 42193038?
True
Is 5808648 a multiple of 4?
True
Is 76 a factor of 114906957?
False
Does 514 divide 1952550375?
False
Is 68 a factor of 14292481?
False
Is 3 a factor of 226015789?
False
Does 55 divide 48653330?
True
Is 2702 a factor of 547703506?
True
Is 582 a factor of 278349073?
False
Does 1063 divide 111086812?
False
Does 12 divide 9223524?
True
Is 1559978829 a multiple of 73?
True
Is 25027200 a multiple of 237?
True
Is 43 a factor of 24096942?
True
Does 6092 divide 714880212?
False
Is 11007869 a multiple of 23?
True
Is 19296363 a multiple of 41?
True
Is 638155893 a multiple of 2970?
False
Does 12 divide 3529570800?
True
Does 4 divide 458816284?
True
Does 47 divide 2519854381?
True
Does 713 divide 148613616?
False
Does 2092 divide 95715276?
True
Is 208045045 a multiple of 1063?
True
Is 212 a factor of 23231569?
False
Is 17246788 a multiple of 823?
True
Is 55 a factor of 870432505?
False
Does 13 divide 19326166?
False
Does 1620 divide 66627360?
True
Does 610 divide 149537122?
False
Is 29 a factor of 8725984?
True
Is 166 a factor of 1035953544?
True
Is 255 a factor of 3481770?
True
Is 247 a factor of 245844287?
True
Is 1233056055 a multiple of 1155?
True
Is 33 a factor of 492288852?
True
Does 40 divide 40748003?
False
Does 1144 divide 705788550?
False
Is 691547945 a multiple of 37?
True
Does 5420 divide 441972287?
False
Does 2466 divide 1715699772?
True
Is 19 a factor of 1171103133?
True
Is 7569358 a multiple of 134?
False
Is 70 a factor of 120650898?
False
Does 59 divide 24739528?
False
Is 20585398 a multiple of 756?
False
Is 200 a factor of 24668600?
True
Is 29 a factor of 16271001?
True
Is 4 a factor of 88718645?
False
Is 82 a factor of 160291550?
True
Does 33 divide 679736787?
False
Is 15710640 a multiple of 24?
True
Does 7 divide 2653304294?
False
Is 36 a factor of 67274103?
False
Does 8 divide 87720776?
True
Is 56026260 a multiple of 15?
True
Is 7965542 a multiple of 26?
True
Is 1778 a factor of 2437469090?
True
Is 9419598 a multiple of 331?
True
Is 115795895 a multiple of 5?
True
Does 766 divide 1564490308?
False
Does 7 divide 154409784?
False
Does 468 divide 434534724?
True
Does 22 divide 1526182460?
True
Is 467505742 a multiple of 11?
True
Is 7279876 a multiple of 824?
False
Is 18 a factor of 325345374?
True
Is 1548064329 a multiple of 651?
True
Is 107 a factor of 147438625?
False
Is 576119186 a multiple of 165?
False
Is 6 a factor of 237102900?
True
Does 29 divide 200756841?
False
Is 2069639848 a multiple of 554?
True
Is 14 a factor of 2848252292?
False
Is 2066180621 a multiple of 9628?
False
Is 7 a factor of 10247223?
True
Is 121072552 a multiple of 1868?
True
Is 2840465 a multiple of 21?
False
Is 119 a factor of 12648542?
False
Is 1630432540 a multiple of 5515?
True
Is 7 a factor of 634383134?
True
Does 548 divide 200221896?
False
Does 14 divide 9104858?
True
Does 21 divide 178444536?
False
Is 6207310 a multiple of 4?
False
Does 3334 divide 299839583?
False
Is 11675785 a multiple of 19?
True
Is 97866546 a multiple of 4?
False
Is 4463214 a multiple of 21?
True
Is 1235 a factor of 8125065?
True
Does 1035 divide 506001150?
True
Is 10 a factor of 450893454?
False
Does 2406 divide 1072033451?
False
Is 1450064097 a multiple of 779?
True
Is 25337349 a multiple of 419?
True
Does 793 divide 26012820?
False
Does 657 divide 2107155366?
True
Is 1368609264 a multiple of 1584?
True
Is 121431705 a multiple of 78?
False
Does 5 divide 106318797?
False
Is 654931598 a multiple of 2989?
False
Does 32 divide 2083434880?
True
Does 61 divide 4146256437?
True
Is 11 a factor of 945993564?
False
Is 3313 a factor of 69940743?
True
Is 582 a factor of 779085570?
True
Does 152 divide 158072678?
False
Is 7387608 a multiple of 2660?
False
Is 10 a factor of 1513101993?
False
Is 571070637 a multiple of 9?
True
Does 21 divide 235139520?
True
Is 780577346 a multiple of 127?
False
Is 6772 a factor of 331210969?
False
Does 152 divide 2659632938?
False
Does 10 divide 242454280?
True
Is 874 a factor of 367643220?
False
Is 22804730 a multiple of 115?
True
Is 687 a factor of 3424510?
False
Does 12 divide 35101497?
False
Is 67 a factor of 89053191?
False
Is 76 a factor of 33112136?
True
Does 24 divide 1381584?
True
Is 630625 a multiple of 16?
False
Does 113 divide 9170176?
True
Is 1818 a factor of 1240014168?
True
Is 97 a factor of 27110336?
True
Is 48 a factor of 806935378?
False
Is 1631955400 a multiple of 272?
False
Does 2626 divide 185866534?
False
Is 16 a factor of 52416?
True
Does 21 divide 103288353?
True
Is 7269561 a multiple of 1251?
True
Is 787815921 a multiple of 327?
True
Is 947858901 a multiple of 25?
False
Is 19 a factor of 38722855?
True
Is 276 a factor of 26949744?
True
Is 338 a factor of 19364536?
False
Is 354708159 a multiple of 5213?
True
Is 53531546 a multiple of 2?
True
Is 254 a factor of 19954240?
True
Is 951356 a multiple of 1114?
True
Does 6800 divide 532405530?
False
Does 32 divide 56179872?
True
Is 39 a factor of 3378801767?
False
Is 1036288 a multiple of 663?
False
Is 10